it of 1337?
3
What is the hundreds digit of 2367?
3
What is the units digit of 58115?
5
What is the tens digit of 2252?
5
What is the tens digit of 5226?
2
What is the units digit of 2261?
1
What is the thousands digit of 1607?
1
What is the thousands digit of 1982?
1
What is the thousands digit of 1745?
1
What is the tens digit of 699?
9
What is the tens digit of 2072?
7
What is the units digit of 361?
1
What is the hundreds digit of 126742?
7
What is the units digit of 1287?
7
What is the thousands digit of 2382?
2
What is the units digit of 524?
4
What is the units digit of 404?
4
What is the units digit of 3831?
1
What is the units digit of 8243?
3
What is the tens digit of 19733?
3
What is the tens digit of 9085?
8
What is the thousands digit of 6745?
6
What is the thousands digit of 63555?
3
What is the units digit of 2372?
2
What is the thousands digit of 4304?
4
What is the hundred thousands digit of 103815?
1
What is the hundreds digit of 8819?
8
What is the thousands digit of 9364?
9
What is the ten thousands digit of 27005?
2
What is the units digit of 1640?
0
What is the hundreds digit of 105431?
4
What is the thousands digit of 1905?
1
What is the units digit of 39879?
9
What is the hundreds digit of 8086?
0
What is the units digit of 1389?
9
What is the units digit of 1400?
0
What is the hundreds digit of 18249?
2
What is the thousands digit of 5574?
5
What is the ten thousands digit of 18457?
1
What is the hundreds digit of 1821?
8
What is the units digit of 403?
3
What is the thousands digit of 5294?
5
What is the units digit of 4589?
9
What is the tens digit of 9618?
1
What is the hundreds digit of 27717?
7
What is the hundreds digit of 1100?
1
What is the thousands digit of 6445?
6
What is the units digit of 5462?
2
What is the tens digit of 934?
3
What is the tens digit of 68045?
4
What is the tens digit of 84179?
7
What is the hundreds digit of 86715?
7
What is the thousands digit of 1162?
1
What is the tens digit of 5257?
5
What is the tens digit of 578?
7
What is the ten thousands digit of 51048?
5
What is the tens digit of 16512?
1
What is the units digit of 20888?
8
What is the tens digit of 13645?
4
What is the tens digit of 1333?
3
What is the units digit of 59124?
4
What is the hundreds digit of 1490?
4
What is the ten thousands digit of 50220?
5
What is the tens digit of 42093?
9
What is the thousands digit of 1305?
1
What is the tens digit of 366?
6
What is the units digit of 2440?
0
What is the thousands digit of 1523?
1
What is the ten thousands digit of 70730?
7
What is the tens digit of 31043?
4
What is the ten thousands digit of 34434?
3
What is the ten thousands digit of 13929?
1
What is the hundreds digit of 8278?
2
What is the thousands digit of 6368?
6
What is the hundreds digit of 30602?
6
What is the tens digit of 809?
0
What is the tens digit of 770?
7
What is the thousands digit of 2585?
2
What is the thousands digit of 11505?
1
What is the ten thousands digit of 88136?
8
What is the tens digit of 857?
5
What is the ten thousands digit of 13744?
1
What is the tens digit of 28599?
9
What is the hundreds digit of 8526?
5
What is the tens digit of 540?
4
What is the ten thousands digit of 16019?
1
What is the tens digit of 3868?
6
What is the ten thousands digit of 11539?
1
What is the hundreds digit of 492?
4
What is the hundreds digit of 222?
2
What is the hundreds digit of 50995?
9
What is the thousands digit of 2211?
2
What is the units digit of 3687?
7
What is the tens digit of 52084?
8
What is the hundreds digit of 739?
7
What is the ten thousands digit of 38575?
3
What is the thousands digit of 47623?
7
What is the ten thousands digit of 48703?
4
What is the tens digit of 3800?
0
What is the units digit of 726?
6
What is the tens digit of 954?
5
What is the units digit of 4342?
2
What is the tens digit of 4110?
1
What is the tens digit of 53070?
7
What is the tens digit of 810?
1
What is the tens digit of 496?
9
What is the units digit of 763?
3
What is the units digit of 56568?
8
What is the units digit of 3487?
7
What is the hundreds digit of 45553?
5
What is the hundreds digit of 2563?
5
What is the thousands digit of 10124?
0
What is the units digit of 64823?
3
What is the tens digit of 1957?
5
What is the units digit of 32873?
3
What is the hundreds digit of 13737?
7
What is the units digit of 859?
9
What is the tens digit of 281?
8
What is the hundreds digit of 348?
3
What is the units digit of 753?
3
What is the hundreds digit of 170?
1
What is the units digit of 43068?
8
What is the tens digit of 2609?
0
What is the hundreds digit of 580?
5
What is the hundreds digit of 986?
9
What is the units digit of 110564?
4
What is the thousands digit of 165843?
5
What is the units digit of 836?
6
What is the units digit of 811?
1
What is the hundreds digit of 72006?
0
What is the thousands digit of 1271?
1
What is the hundreds digit of 4089?
0
What is the thousands digit of 1239?
1
What is the units digit of 1379?
9
What is the units digit of 32092?
2
What is the units digit of 1841?
1
What is the thousands digit of 4366?
4
What is the units digit of 20838?
8
What is the thousands digit of 6103?
6
What is the thousands digit of 3916?
3
What is the thousands digit of 2762?
2
What is the hundreds digit of 2340?
3
What is the units digit of 13637?
7
What is the tens digit of 1782?
8
What is the hundreds digit of 142?
1
What is the hundreds digit of 263?
2
What is the thousands digit of 4587?
4
What is the tens digit of 52000?
0
What is the hundreds digit of 21292?
2
What is the units digit of 12020?
0
What is the units digit of 1110?
0
What is the units digit of 525?
5
What is the hundreds digit of 722?
7
What is the ten thousands digit of 11475?
1
What is the thousands digit of 11775?
1
What is the thousands digit of 24455?
4
What is the tens digit of 12?
1
What is the tens digit of 7123?
2
What is the hundreds digit of 666?
6
What is the hundreds digit of 338?
3
What is the thousands digit of 129584?
9
What is the hundreds digit of 114?
1
What is the tens digit of 2439?
3
What is the hundreds digit of 47990?
9
What is the tens digit of 13725?
2
What is the units digit of 31960?
0
What is the hundreds digit of 10243?
2
What is the thousands digit of 33772?
3
What is the tens digit of 694?
9
What is the units digit of 1402?
2
What is the units digit of 1133?
3
What is the thousands digit of 15015?
5
What is the thousands digit of 97502?
7
What is the tens digit of 31557?
5
What is the units digit of 23853?
3
What is the hundreds digit of 1373?
3
What is the ten thousands digit of 19184?
1
What is the units digit of 864?
4
What is the thousands digit of 46712?
6
What is the tens digit of 622?
2
What is the ten thousands digit of 45358?
4
What is the units digit of 25?
5
What is the thousands digit of 51092?
1
What is the tens digit of 1318?
1
What is the tens digit of 79?
7
What is the tens digit of 1302?
0
What is the units digit of 1353?
3
What is the hundreds digit of 726?
7
What is the tens digit of 55657?
5
What is the ten thousands digit of 80316?
8
What is the tens digit of 290?
9
What is the hundreds digit of 4180?
1
What is the units digit of 2623?
3
What is the units digit of 27664?
4
What is the thousands digit of 1257?
1
What is the units digit of 154389?
9
What is the thousands digit of 2332?
2
What is the thousands digit of 1629?
1
What is the units digit of 3076?
6
What is the tens digit of 9358?
5
What is the units digit of 11469?
9
What is the tens digit of 8839?
3
What is the tens digit of 587?
8
What is the tens digit of 4904?
0
What is the tens digit of 33509?
0
What is the hundreds digit of 268?
2
What is the tens digit of 3891?
9
What is the hundreds digit of 1593?
5
What is the units digit of 87?
7
What is the units digit of 389?
9
What is the tens digit of 8741?
4
What is the units digit of 810?
0
What is the units digit of 38598?
8
What is the units digit of 1035?
5
What is the hundreds digit of 1105?
1
What is the tens digit of 4488?
8
What is the units digit of 285?
5
What is the units digit of 11176?
6
What is the hundreds digit of 1549?
5
What is the thousands digit of 1376?
1
What is the hundreds digit of 4459?
4
What is the tens digit of 30?
3
What is the tens digit of